= -2*c + 184. Calculate the remainder when c is divided by i.
10
Suppose 3*u + 1 - 10 = 0. Suppose 0 = 4*x + u*s - 15, -3*x + 6 = 8*s - 4*s. Suppose 0 = -2*l - 3 + 23. What is the remainder when l is divided by x?
4
Calculate the remainder when 61 is divided by (-882)/(-28) + (-1)/(-2).
29
Suppose -2*y - 16 = 3*c, 5 = -5*c + 2*y - 11. What is the remainder when 22/(-3)*6/c is divided by 6?
5
Suppose q + 2*r - 159 = 0, 4*r - 57 - 738 = -5*q. Suppose -4*x - 5*p = -283, 0*x + q = 2*x - p. Calculate the remainder when x is divided by 20.
17
Suppose -3*w = -4*w + 1. Let h(r) = 3 + 4*r - r**2 + 3 + 1. Calculate the remainder when h(5) is divided by w.
0
Calculate the remainder when 23 is divided by (26/6)/(-3 + (-30)/(-9)).
10
Let a(d) = 2*d**2 + 4. Let j be (2/((-6)/9))/(-1). Calculate the remainder when a(j) is divided by 12.
10
Suppose -4*d + 5*d = 22. Suppose -3*n = 2*f - 6*n - d, 2*f = -5*n + 54. What is the remainder when f is divided by 0 - -3 - (3 + -5)?
2
Let d = 42 - 7. Calculate the remainder when d is divided by 13.
9
What is the remainder when (-1)/2 - (-91)/2 is divided by 12?
9
Let z = -28 + 33. What is the remainder when 7 is divided by z?
2
Suppose -3*s + 63 = -12. Suppose -3*n + s = 1. What is the remainder when 22 is divided by n?
6
What is the remainder when 16 is divided by ((-2 - -1)/(-2))/(2/12)?
1
What is the remainder when 29 is divided by (33 + 3 + -4)/2?
13
Let i = 98 + -83. What is the remainder when 148 is divided by i?
13
Let z = -9 + 21. Calculate the remainder when 70 is divided by z.
10
What is the remainder when 91 is divided by 2*((-46)/12)/((-1)/3)?
22
Suppose 0 = -5*m + 2*m + 6, 0 = 3*k + 5*m - 25. Suppose 0 = 4*t - k*t + 8. Calculate the remainder when 29 is divided by t.
5
Suppose -4 = 2*n, 4*p = 5*n - 0*n + 54. Calculate the remainder when (69/92)/(2/112) is divided by p.
9
Let k be 6*(-6)/27*-3. Suppose -28 = -k*w + 104. What is the remainder when w is divided by 9?
6
Let h = 39 + -57. What is the remainder when ((-2)/(-2)*-34)/(-2) is divided by (-5)/((-20)/h)*-2?
8
Let y = 24 - -2. Calculate the remainder when 77 is divided by y.
25
Let g(u) = 2*u**3 - 6*u**2 - 3*u - 3. What is the remainder when g(5) is divided by 14?
12
Let q = -3 - -10. Suppose 3*h - q = 11. Calculate the remainder when 9 is divided by h*(-3)/(-6) - -1.
1
Suppose 4*w + 0*w = -36. Let s = -1 - w. Calculate the remainder when 29 is divided by s.
5
Let o = 30 - 17. Let v = -3 + 3. What is the remainder when (-19)/((-2)/4 - v) is divided by o?
12
Calculate the remainder when 72 is divided by 19 - (6/9)/((-8)/12).
12
Suppose -5*w + 10 = -10. Suppose 4*u = -w*k + 56, 2*u + 11 + 3 = k. Calculate the remainder when 27 is divided by k.
13
Let o(v) = 3*v**2 + v. Let g be o(1). Calculate the remainder when 31 is divided by 10 + (g - 2)/2.
9
Let l(h) = -3*h. Let v be ((-2)/(-4))/((-4)/(-208)). Let d = -15 + v. What is the remainder when d is divided by l(-2)?
5
Let l = 14 + -2. Let w(q) = q**2 + 6*q + 9. Let x be w(-4). Calculate the remainder when (-5)/((-10)/48) - x is divided by l.
11
Let f = -9 + 22. Let m = f + -1. Suppose -124 = -4*v - 32. Calculate the remainder when v is divided by m.
11
Let l = 1 + -7. Let i = 14 + l. What is the remainder when 29 is divided by i?
5
Let x(d) = -d**2 + 6*d + 4. Let f be x(6). Suppose -3 = q - f*l, 29 = q + q - l. What is the remainder when 49 is divided by q?
15
Suppose -14*p + 651 = -315. Suppose 0*q - 82 = -4*q - 2*h, -h + 23 = q. Calculate the remainder when p is divided by q.
15
Let n(q) = 2*q + q - 1 - 5. Let b(x) = -x**3 - 2*x**2 + 2*x + 4. Let c be b(-3). What is the remainder when 28 is divided by n(c)?
13
Let k(z) = 5*z**2 + 8*z - 3. What is the remainder when k(-5) is divided by 28?
26
Suppose 3*l - 2*u = 8, 0*l + 2*u = 2*l - 2. Calculate the remainder when (2 - 1) + -1 - -16 is divided by l.
4
Suppose i - 254 = -5*h, 5*h = -i + 4*i + 238. Calculate the remainder when h is divided by (1 - -25)*(-1 - -2).
24
Let a = -7 + 11. Suppose 0 = 3*y + 5*u - 0*u - 25, u - 27 = -5*y. Calculate the remainder when y is divided by a.
1
Let y be (-4)/16 + (-178)/(-8). Suppose k - 13 = y. Calculate the remainder when 139 is divided by k.
34
Let b(v) be the third derivative of v**4/24 + 3*v**3/2 - v**2. What is the remainder when 5 is divided by b(-6)?
2
Let h(z) = 6*z + 1. What is the remainder when h(7) is divided by 11?
10
Let r(c) = c**2 - 4*c - 1. Let z(v) = 5*v**2 + 2*v - 1. Let g be z(1). Calculate the remainder when r(g) is divided by 7.
4
Suppose z + 3*z - 32 = 0. Suppose -3*q + 2*q = -24. Suppose 2*h - 24 = -2*g + q, -4*h = -5*g - 87. Calculate the remainder when h is divided by z.
7
Calculate the remainder when 2 + 36/(-3)*-7 is divided by (-142)/(-6) + (-5)/3.
20
Suppose 1 = -t + 5*p, -2*p = -5*t - 3 + 21. Suppose t*r - 140 = 92. What is the remainder when r is divided by 20?
18
Suppose 0 = -4*p - p + 90. Suppose 100 = 4*n - 3*x - 93, 5*n - 250 = 2*x. What is the remainder when n is divided by p?
16
Let x(s) = 2*s - 3. Let b be 2/11 - 126/(-33). What is the remainder when 9 is divided by x(b)?
4
Let g(i) = i**3 - i**2 - 8*i + 8. Let f be g(6). Suppose 4*b - f = -b. Calculate the remainder when b is divided by 8.
4
Let k be (16/(-3))/(4/(-6)). Suppose -u - 323 = 5*v, 3*u + u - k = 0. Let r = v + 92. What is the remainder when r is divided by 10?
7
Let z(f) = 16*f - 1. Let o be z(7). Suppose 9 = 4*s - o. Let t = 46 - s. What is the remainder when 46 is divided by t?
14
Let p(j) = j - 15. Let g be p(0). Let y = g - -27. Calculate the remainder when 2/4 - (-134)/4 is divided by y.
10
Suppose 0 = 3*x - 53 + 11. Suppose g - 15 = 2*d, 4*d = 3*g + 2*g - 45. Calculate the remainder when x is divided by g.
4
Suppose -28 = -4*r - 0*h + 5*h, -r + 3*h = 0. What is the remainder when 32 is divided by r?
8
Let z = 2 - 4. Let y be (z/(-5))/((-4)/(-60)). Suppose -y = -3*v - 0. Calculate the remainder when 5 is divided by v.
1
Let t(a) = -16*a + 4. Let x be t(5). Let z = -50 - x. What is the remainder when 76 is divided by z?
24
Let f(p) = 3*p**2 + 6*p - 2. Calculate the remainder when f(-4) is divided by 17.
5
Suppose 0 = 3*n + 10 + 20. Let m = n - -21. Calculate the remainder when m is divided by 6.
5
Let f(m) be the second derivative of m**3/3 - m**2 - m. Suppose 2*o = 4*o - 58. What is the remainder when o is divided by f(6)?
9
Suppose 0 = z - 3*x - 24, 0 = -0*x + 5*x + 15. Let u(f) = f**3 + 10*f**2 + 7*f + 10. Suppose 3*p = -4 - 23. What is the remainder when u(p) is divided by z?
13
Let a(r) = r + 3. Let c be a(-5). What is the remainder when (2 - -52 - c) + 3 is divided by 15?
14
Let h = -59 + 156. Suppose j + 0*j = h. Calculate the remainder when j is divided by 25.
22
Let m = 5 - 0. Suppose 0*i = m*i - 45. What is the remainder when 33 is divided by i?
6
Let a(m) = 2*m - 10. Let q be a(7). Let l(v) = v**2 + 2*v + 4. Let c be l(q). Let t = c - 17. What is the remainder when 21 is divided by t?
10
Let p(k) = -k**3 + 11*k**2 + 12*k + 13. Suppose -4 = n + 14. Let h = n + 55. What is the remainder when h is divided by p(12)?
11
Let h = -2 + 97. What is the remainder when h is divided by 32?
31
Let q = -233 - -260. Let p(c) = 3*c - 6. What is the remainder when q is divided by p(7)?
12
Suppose -4*b = -4*w + 12, -18 = -5*w + 2*b - 6. Let m = 11 + w. What is the remainder when 38 is divided by m?
12
Let x(s) = s**2 + 4*s + 6. What is the remainder when 52 is divided by x(-6)?
16
Let x be 14 - 2/(4/6). Let y(z) = z**3 - 11*z**2 + 5*z - 5. Calculate the remainder when y(x) is divided by 26.
24
Let c(d) = -d**3 + 24. Calculate the remainder when 92 is divided by c(0).
20
Let m(l) = l**2 - l - 1. What is the remainder when 30 is divided by m(4)?
8
Suppose -80*i = -78*i - 62. What is the remainder when i is divided by 6?
1
Calculate the remainder when -2 - -21 - 4/1 is divided by 9 + 1 + 0 + -2.
7
Let j be 10/5 + (0 - -14). Suppose -g - 1 = -j. What is the remainder when g is divided by 4?
3
Suppose 0 = -4*l + 57 - 17. Calculate the remainder when 14 is divided by -3*3/((-18)/l).
4
Let m(n) = 4*n - 2. Suppose -4*b = u - 24, b + 3*u - 12 = -b. What is the remainder when 41 is divided by m(b)?
19
Suppose -2*d - 5*q = 8, 4*q + 8 = -d + 1. Let m(y) = -y**2 + 5*y + 7. Let p be 2 + -1 + 4 - -1. What is the remainder when d is 